ate the highest common divisor of 72296 and 56.
56
Calculate the greatest common factor of 99 and 90453.
33
Calculate the highest common factor of 3040 and 5225.
95
What is the greatest common factor of 219037 and 26?
13
Calculate the greatest common factor of 2014712 and 32.
8
What is the greatest common factor of 143 and 356044?
13
Calculate the greatest common divisor of 47922 and 1470.
294
What is the highest common factor of 16 and 192132?
4
What is the greatest common divisor of 1495 and 11700?
65
What is the greatest common divisor of 2355 and 1205?
5
What is the greatest common factor of 39 and 62686?
13
What is the greatest common divisor of 103 and 2187?
1
What is the greatest common factor of 335 and 4571410?
335
Calculate the highest common factor of 584 and 2080.
8
Calculate the highest common divisor of 325 and 52975.
325
What is the greatest common factor of 1232 and 368?
16
Calculate the greatest common factor of 28930 and 275.
55
Calculate the greatest common divisor of 30 and 38910.
30
Calculate the greatest common divisor of 5863 and 19188.
533
What is the greatest common divisor of 1088 and 969?
17
Calculate the highest common divisor of 60 and 83370.
30
Calculate the highest common divisor of 391 and 23069.
391
What is the greatest common factor of 86385 and 624?
39
Calculate the highest common divisor of 718 and 21181.
359
Calculate the highest common divisor of 14 and 65242.
2
What is the greatest common factor of 220952 and 26452?
1556
What is the greatest common divisor of 18 and 205074?
18
What is the highest common divisor of 62231 and 13?
13
What is the greatest common factor of 476 and 14224?
28
What is the highest common divisor of 1594587 and 1194?
597
What is the highest common factor of 703 and 551?
19
What is the highest common divisor of 16 and 39476?
4
Calculate the greatest common divisor of 25766 and 520.
26
Calculate the highest common divisor of 4434 and 288.
6
What is the highest common divisor of 11500 and 8648?
92
What is the highest common divisor of 12 and 251136?
12
Calculate the greatest common factor of 25 and 235.
5
What is the highest common factor of 224785 and 11?
11
Calculate the greatest common divisor of 39 and 169559.
13
What is the highest common divisor of 162 and 15948?
18
Calculate the greatest common factor of 81 and 89871.
3
Calculate the highest common factor of 1337 and 1967.
7
Calculate the greatest common divisor of 120243 and 16986.
447
What is the greatest common factor of 255 and 4165?
85
What is the highest common divisor of 1022072 and 251?
251
Calculate the highest common divisor of 244290 and 80.
10
Calculate the greatest common factor of 855 and 531.
9
What is the highest common factor of 403 and 65?
13
What is the highest common divisor of 1749 and 3597?
33
What is the highest common divisor of 24 and 406488?
24
What is the greatest common divisor of 42 and 33614?
14
What is the greatest common factor of 5875 and 39715?
235
What is the highest common factor of 34370 and 13510?
70
What is the greatest common divisor of 26265 and 22557?
309
Calculate the greatest common divisor of 310 and 343015.
155
Calculate the greatest common factor of 343 and 665.
7
What is the greatest common divisor of 793 and 48983?
61
Calculate the greatest common factor of 4120 and 32360.
40
Calculate the greatest common factor of 999 and 185777.
37
Calculate the highest common divisor of 513760 and 936.
104
What is the greatest common divisor of 22 and 76054?
22
What is the greatest common factor of 1641973 and 514?
257
What is the highest common divisor of 568290 and 45862?
1994
Calculate the highest common factor of 264 and 5616.
24
What is the greatest common divisor of 1280 and 5340?
20
What is the greatest common factor of 146354 and 338?
338
What is the highest common divisor of 525 and 14175?
525
Calculate the greatest common divisor of 22209 and 528.
33
Calculate the highest common factor of 891 and 1515294.
297
Calculate the highest common factor of 4097 and 187.
17
What is the highest common factor of 25230 and 80?
10
What is the greatest common divisor of 66 and 141042?
66
Calculate the greatest common factor of 17 and 63937.
17
Calculate the highest common divisor of 218660 and 35.
5
What is the highest common divisor of 527 and 1614573?
31
What is the greatest common factor of 362 and 1186?
2
Calculate the highest common factor of 7452 and 118404.
828
Calculate the highest common factor of 1016369 and 3896.
487
What is the highest common factor of 314704 and 17?
17
Calculate the highest common divisor of 10333 and 2.
1
Calculate the highest common factor of 4705 and 105.
5
Calculate the greatest common factor of 66500 and 28700.
700
Calculate the greatest common factor of 383 and 1770992.
383
Calculate the highest common factor of 3220 and 22680.
140
What is the greatest common divisor of 760 and 967100?
380
What is the greatest common factor of 38779 and 26?
13
What is the highest common divisor of 185633 and 7245?
161
Calculate the highest common divisor of 69880 and 9680.
40
Calculate the greatest common divisor of 74022 and 286.
26
What is the highest common divisor of 27665 and 440?
55
Calculate the highest common factor of 4 and 25964.
4
Calculate the highest common factor of 15 and 124305.
15
Calculate the highest common divisor of 1049013 and 252.
63
What is the greatest common divisor of 8379 and 196441?
931
Calculate the greatest common factor of 12018144 and 32.
32
Calculate the highest common factor of 8 and 493448.
8
Calculate the greatest common divisor of 224208 and 405.
81
Calculate the greatest common divisor of 894 and 1192.
298
What is the greatest common divisor of 694192 and 8944?
688
What is the highest common divisor of 1807 and 3809?
13
Calculate the highest common factor of 28 and 1345316.
28
Calculate the greatest common divisor of 2707165 and 170.
85
Calculate the highest common divisor of 39 and 576823.
13
What is the highest common factor of 36 and 14526?
18
Calculate the highest common factor of 25 and 200225.
25
Calculate the highest common divisor of 231 and 72366.
21
What is the greatest common divisor of 79 and 286296?
79
Calculate the highest common divisor of 17533 and 4531.
197
Calculate the highest common factor of 2716 and 959.
7
Calculate the highest common divisor of 1570832 and 496.
496
What is the greatest common factor of 61146 and 316?
158
Calculate the greatest common factor of 113 and 442621.
113
Calculate the greatest common divisor of 2 and 6593.
1
Calculate the greatest common divisor of 4244496 and 48.
48
What is the greatest common divisor of 15860 and 56160?
260
What is the greatest common factor of 37009 and 119?
119
What is the highest common divisor of 12526218 and 108?
54
Calculate the highest common factor of 555 and 21030.
15
Calculate the greatest common divisor of 393 and 195.
3
Calculate the greatest common divisor of 723249 and 54.
27
What is the highest common divisor of 88 and 208688?
8
What is the greatest common divisor of 32 and 6894?
2
Calculate the greatest common factor of 56943 and 222.
111
Calculate the highest common divisor of 191 and 50.
1
What is the highest common divisor of 1645 and 749?
7
What is the highest common divisor of 20545 and 105?
35
What is the greatest common divisor of 2496 and 2262?
78
What is the highest common factor of 4760 and 17080?
280
Calculate the greatest common factor of 30342 and 1404.
78
What is the greatest common divisor of 4661995 and 1105?
1105
What is the greatest common divisor of 303413 and 99?
11
Calculate the greatest common factor of 1799 and 12261984.
1799
What is the greatest common factor of 140925 and 75?
75
What is the greatest common factor of 672841 and 5694?
949
What is the greatest common divisor of 237992 and 36?
4
What is the greatest common divisor of 12240 and 23040?
720
Calculate the greatest common divisor of 909 and 1071.
9
Calculate the highest common factor of 23790 and 1560.
390
What is the greatest common divisor of 686 and 1134?
14
Calculate the highest common factor of 1218788 and 212.
212
What is the highest common factor of 1750 and 126?
14
Calculate the highest common divisor of 29274 and 2112.
6
What is the greatest common divisor of 629